{"id":83,"date":"2023-09-06T19:27:53","date_gmt":"2023-09-06T17:27:53","guid":{"rendered":"https:\/\/philibert-ventriloque.com\/?page_id=83"},"modified":"2025-09-08T17:49:28","modified_gmt":"2025-09-08T15:49:28","slug":"references","status":"publish","type":"page","link":"https:\/\/philibert-ventriloque.com\/?page_id=83","title":{"rendered":"R\u00e9f\u00e9rences"},"content":{"rendered":"\n<div class=\"wp-block-columns is-layout-flex wp-container-core-columns-is-layout-9d6595d7 wp-block-columns-is-layout-flex\">\n<div class=\"wp-block-column is-layout-flow wp-block-column-is-layout-flow\"><div class=\"wp-block-image\">\n<figure class=\"aligncenter size-large is-resized\"><img loading=\"lazy\" decoding=\"async\" width=\"1024\" height=\"576\" src=\"http:\/\/philibert-ventriloque.com\/wp-content\/uploads\/2023\/09\/PhilibertPh1-1024x576.jpg\" alt=\"\" class=\"wp-image-162\" style=\"width:326px;height:183px\" srcset=\"https:\/\/philibert-ventriloque.com\/wp-content\/uploads\/2023\/09\/PhilibertPh1-1024x576.jpg 1024w, https:\/\/philibert-ventriloque.com\/wp-content\/uploads\/2023\/09\/PhilibertPh1-300x169.jpg 300w, https:\/\/philibert-ventriloque.com\/wp-content\/uploads\/2023\/09\/PhilibertPh1-768x432.jpg 768w, https:\/\/philibert-ventriloque.com\/wp-content\/uploads\/2023\/09\/PhilibertPh1-1536x864.jpg 1536w, https:\/\/philibert-ventriloque.com\/wp-content\/uploads\/2023\/09\/PhilibertPh1-496x279.jpg 496w, https:\/\/philibert-ventriloque.com\/wp-content\/uploads\/2023\/09\/PhilibertPh1.jpg 1920w\" sizes=\"auto, (max-width: 1024px) 100vw, 1024px\" \/><\/figure>\n<\/div><\/div>\n\n\n\n<div class=\"wp-block-column is-layout-flow wp-block-column-is-layout-flow\">\n<p><strong>Les Cabarets:<\/strong>&nbsp;\u00ab le Distingo \u00bb \u00ab Le Chapeau Claque \u00bb \u00ab La vie d&#8217;artiste \u00bb \u00e0 Lyon.&nbsp;<strong>Music-Hall<\/strong>&nbsp;le cap vert Dijon-Quetigny, Revue Odyss\u00e9o et D\u00e9lic\u00e9o Dijon. Croisi\u00e8res Internationales dans les mers du Nord, Baltique et Atlantique &nbsp;(Oslo, Stockholm, Copenhague, St P\u00e9tersbourg, Bergen, Reykjavik)\u2026<\/p>\n\n\n\n<p><strong>Plateaux T\u00e9l\u00e9<\/strong>:&nbsp;France 2, France 3 r\u00e9gionale et nationale, TLM, TF1 (sp\u00e9ciale ventriloque avec Jean-Luc Reichmann)\u2026<\/p>\n<\/div>\n<\/div>\n\n\n\n<p><strong>Les Casinos:<\/strong>&nbsp;du Lyon vert (Lyon), de Santenay, d&#8217;Annemasse, d&#8217;Hauteville Lompnes, de St Galmier, d&#8217;Amn\u00e9ville, de Royat, de Luxeuil-les-Bains, de Contrex\u00e9ville, du Havre, de St Amant les eaux, d\u2019Agon- Coutainville, de Pougues les eaux, Montreux Palace (Montreux, Suisse)\u2026<\/p>\n\n\n\n<p><strong>Les programmations Offices de Tourisme et stations<\/strong>&nbsp;d&#8217;\u00e9t\u00e9 et de Sports d\u2019Hiver : les Karellis (centre culturel) Val d&#8217;Is\u00e8re (centre de congr\u00e8s), Avoriaz (salle des festivals), Flaine (Auditorium), Rozi\u00e8re, Aime, Valmorel, les Gets, Aillon le jeune, Chatel (salle de la ch\u00e2telaine), le Croisic (espace urbain), St Jean de Luz, Allevard les Bains, Notre Dame de Bellecombe, Embrun, Flumet, Serre Chevallier (centre culturel), Morzine (centre culturel et espace urbain), Peisey-Vallandry (73), Super Devoluye (05)\u2026<\/p>\n\n\n\n<div class=\"wp-block-columns is-layout-flex wp-container-core-columns-is-layout-9d6595d7 wp-block-columns-is-layout-flex\">\n<div class=\"wp-block-column is-layout-flow wp-block-column-is-layout-flow\">\n<p><strong>Les Festivals<\/strong>\u00a0:\u00a0les Mercredis de La fontaine \u00e0 Belfort, Festival Jacques Brel (St Pierre de Chartreuse), festival pour enfant de Delle, les Petites formes artistiques de la Croix Rousse, Festival de Moreuil (Oise), M.J.C Fontainebleau, Monaco \u00ab Ville en F\u00eate \u00bb, \u00ab les Murs en F\u00eate \u00bb Mus\u00e9e Urbain Tony Garnier (Lyon), festival du Cirque Chamb\u00e9ry, festival des M\u00f4mes (le Bois d\u2019Oingt), festival du rire de Parthenay, \u00a0festivals de l&#8217;humour de St Gervais, festivals des arts de la rue &#8220;Parcs en f\u00eates&#8221; des Hauts de Seine, \u00a0festival de la magie de l&#8217;eau Dolle Oz en Oisans, festival des m\u00f4mes (Charolles), festival Trottinette (Aigle &#8211; Suisse), Les Arroseurs Ceyzerieux, festivals de la magie de Varces, de Limonest, festival rencontre et spectacle Montceau les Mines, festival de L\u2019humour Draguignan, festival &#8220;Plan\u00e8te M\u00f4mes&#8221; Sevrier (74), festival des M\u00f4mes de Sallanches (74), festival international jeune public Bimbadaboum (gen\u00e8ve &#8211; suisse), festival &#8220;Chant du gros&#8221; (le noirmont &#8211; suisse), festival ventriloque (limbourg &#8211; Belgique), festival Off Avignon 2012 au th\u00e9\u00e2tre des Corps- Saints, Du Vent dans les cornes (Charolles), festival th\u00e9\u00e2tre sur un Plateau (Hauteville Lompnes 01), Un Automne sur les Planches (Aime &#8211; 73), Festim\u00d4mes (Hardelot &#8211; 62), Festival de Colempce (Chadron 43), Festival MelodiFoliz &#8220;Ma voix et moi&#8221;(01), Festival Vitry M\u00f4mes<strong> <\/strong>(Vitry\/Seine 94) la F\u00eente Festival (Saint Symphorien de lay 42), Festival lez&#8217;arts en f\u00eates (Aillons-le-Jeune 73) \u2026<\/p>\n<\/div>\n<\/div>\n\n\n\n<div class=\"wp-block-columns is-layout-flex wp-container-core-columns-is-layout-9d6595d7 wp-block-columns-is-layout-flex\">\n<div class=\"wp-block-column is-layout-flow wp-block-column-is-layout-flow\">\n<p><strong>Les programmations culturelles<\/strong>:&nbsp;Handicap International Programme France, Amboise, Fontaine (Grenoble), Soutier (Niort), Espace Culturel Tonkin Villeurbanne, les Jardins de la G\u00e2tine, Ville de Belfort, le Th\u00e9\u00e2tre des Augustins \u00e0 Montluel, Kawa Th\u00e9\u00e2tre Montpellier (34), Th\u00e9\u00e2tre de Jeanne Nantes &nbsp;(44), Guinguette des gorges de l\u2019Ain Serri\u00e8res sur Ain (01), la boite \u00e0 rire Perpignan (66), Clement&#8217;Zik &#8211; St Cl\u00e9ment (89), MJC Bourg en Bresse Espace d&#8217;un \u00e9t\u00e9, &nbsp;&#8220;l&#8217;illusion fantastique \u00bb l&#8217;\u00e9v\u00e8nement artistique et culturel de le ville de Bourg-en-Bresse, Com\u00e9die de la passerelle Paris 20\u00e8, Th\u00e9\u00e2tre du Bordeau (St Genis Pouilly 01), Com\u00e9die Od\u00e9on Lyon, Crapa&#8217;Hutte Montceau les mines, le Th\u00e9\u00e2tre de La chevalerie (St Amour 39)\u2026<\/p>\n<\/div>\n\n\n\n<div class=\"wp-block-column is-layout-flow wp-block-column-is-layout-flow\"><div class=\"wp-block-image\">\n<figure class=\"aligncenter size-large is-resized\"><img loading=\"lazy\" decoding=\"async\" width=\"1024\" height=\"576\" src=\"http:\/\/philibert-ventriloque.com\/wp-content\/uploads\/2023\/09\/PhilibertPh2-1024x576.jpg\" alt=\"\" class=\"wp-image-167\" style=\"width:314px;height:177px\" srcset=\"https:\/\/philibert-ventriloque.com\/wp-content\/uploads\/2023\/09\/PhilibertPh2-1024x576.jpg 1024w, https:\/\/philibert-ventriloque.com\/wp-content\/uploads\/2023\/09\/PhilibertPh2-300x169.jpg 300w, https:\/\/philibert-ventriloque.com\/wp-content\/uploads\/2023\/09\/PhilibertPh2-768x432.jpg 768w, https:\/\/philibert-ventriloque.com\/wp-content\/uploads\/2023\/09\/PhilibertPh2-1536x864.jpg 1536w, https:\/\/philibert-ventriloque.com\/wp-content\/uploads\/2023\/09\/PhilibertPh2-496x279.jpg 496w, https:\/\/philibert-ventriloque.com\/wp-content\/uploads\/2023\/09\/PhilibertPh2.jpg 1920w\" sizes=\"auto, (max-width: 1024px) 100vw, 1024px\" \/><\/figure>\n<\/div><\/div>\n<\/div>\n\n\n\n<p>Il a \u00e9t\u00e9 charg\u00e9 de cr\u00e9ation pour la foire de Printemps de Bourg en Bresse et des Pays de l&#8217;Ain de 1995 \u00e0 2011 avec des cr\u00e9ations de spectacles et d\u00e9ambulations, et pour les Carnavals de Bourg- en-Bresse \u00e9dition 2004 \u00e0 2007. Post synchronisation. Cr\u00e9ations de Visites guid\u00e9es &#8220;ventriloqu\u00e9e&#8221; pour le Ch\u00e2teau d&#8217;Ancy le Franc. Il est aussi intervenant aupr\u00e8s d&#8217;\u00e9tablissements agr\u00e9\u00e9s par l&#8217;\u00e9ducation nationale et jeunesse et sport et des formations AFDAS.&nbsp;<\/p>\n\n\n\n<p><strong>Com\u00e9dien<\/strong>&nbsp;pour le cin\u00e9ma (r\u00f4le du juge fran\u00e7ais) dans &#8220;Roberto Succo&#8221;, film de C\u00e9dric Kahn s\u00e9lection officielle festival de Cannes 2001.&nbsp;<\/p>\n\n\n\n<div class=\"wp-block-group\"><div class=\"wp-block-group__inner-container is-layout-constrained wp-block-group-is-layout-constrained\">\n<p>Passionn\u00e9 de transmission, il intervient \u00e9galement pour des&nbsp;<strong>formations ventriloquie<\/strong>&nbsp;\u00e0 destination des&nbsp;artistes professionnels ou pour des<strong>&nbsp;initiations<\/strong>&nbsp;tout public et des <strong>ateliers Parents-Enfants<\/strong>. Philibert propose \u00e9galement une conf\u00e9rence sur la ventriloquie (son histoire, la technique et ses possibilit\u00e9s d&#8217;\u00e9volutions). <\/p>\n\n\n\n<p><strong>Pour des infos sur <\/strong>LES FORMATIONS, LES ATELIERS D&#8217;INITIATION, LES CONF\u00c9RENCES, <strong>nous contacter au +33(0)680471848 ou <a href=\"mailto:philibert.ventriloque@wanadoo.fr\">philibert.ventriloque@wanadoo.fr<\/a><\/strong><\/p>\n<\/div><\/div>\n\n\n\n<div class=\"wp-block-columns is-layout-flex wp-container-core-columns-is-layout-9d6595d7 wp-block-columns-is-layout-flex\">\n<div class=\"wp-block-column is-layout-flow wp-block-column-is-layout-flow\"><div class=\"wp-block-image\">\n<figure class=\"aligncenter size-full is-resized\"><img loading=\"lazy\" decoding=\"async\" width=\"466\" height=\"346\" src=\"http:\/\/philibert-ventriloque.com\/wp-content\/uploads\/2023\/09\/crbst_PhilReich189_1.jpg\" alt=\"\" class=\"wp-image-121\" style=\"width:353px;height:262px\" srcset=\"https:\/\/philibert-ventriloque.com\/wp-content\/uploads\/2023\/09\/crbst_PhilReich189_1.jpg 466w, https:\/\/philibert-ventriloque.com\/wp-content\/uploads\/2023\/09\/crbst_PhilReich189_1-300x223.jpg 300w, https:\/\/philibert-ventriloque.com\/wp-content\/uploads\/2023\/09\/crbst_PhilReich189_1-404x300.jpg 404w\" sizes=\"auto, (max-width: 466px) 100vw, 466px\" \/><\/figure>\n<\/div><\/div>\n\n\n\n<div class=\"wp-block-column is-layout-flow wp-block-column-is-layout-flow\"><div class=\"wp-block-image\">\n<figure class=\"aligncenter size-full is-resized\"><img loading=\"lazy\" decoding=\"async\" width=\"355\" height=\"266\" src=\"http:\/\/philibert-ventriloque.com\/wp-content\/uploads\/2023\/09\/crbst_philreich64.jpg\" alt=\"\" class=\"wp-image-120\" style=\"width:349px;height:262px\" srcset=\"https:\/\/philibert-ventriloque.com\/wp-content\/uploads\/2023\/09\/crbst_philreich64.jpg 355w, https:\/\/philibert-ventriloque.com\/wp-content\/uploads\/2023\/09\/crbst_philreich64-300x225.jpg 300w\" sizes=\"auto, (max-width: 355px) 100vw, 355px\" \/><\/figure>\n<\/div><\/div>\n\n\n\n<div class=\"wp-block-column is-layout-flow wp-block-column-is-layout-flow\">\n<figure class=\"wp-block-image size-full is-resized\"><img loading=\"lazy\" decoding=\"async\" width=\"400\" height=\"300\" src=\"http:\/\/philibert-ventriloque.com\/wp-content\/uploads\/2023\/09\/guertetjluc.jpg\" alt=\"\" class=\"wp-image-122\" style=\"width:349px;height:262px\" srcset=\"https:\/\/philibert-ventriloque.com\/wp-content\/uploads\/2023\/09\/guertetjluc.jpg 400w, https:\/\/philibert-ventriloque.com\/wp-content\/uploads\/2023\/09\/guertetjluc-300x225.jpg 300w\" sizes=\"auto, (max-width: 400px) 100vw, 400px\" \/><\/figure>\n<\/div>\n<\/div>\n","protected":false},"excerpt":{"rendered":"<p>Les Cabarets:&nbsp;\u00ab le Distingo \u00bb \u00ab Le Chapeau Claque \u00bb \u00ab La vie d&#8217;artiste \u00bb \u00e0 Lyon.&nbsp;Music-Hall&nbsp;le cap vert Dijon-Quetigny, Revue Odyss\u00e9o et D\u00e9lic\u00e9o Dijon. &hellip;<\/p>\n","protected":false},"author":1,"featured_media":0,"parent":0,"menu_order":0,"comment_status":"closed","ping_status":"closed","template":"","meta":{"footnotes":""},"class_list":["post-83","page","type-page","status-publish","hentry"],"_links":{"self":[{"href":"https:\/\/philibert-ventriloque.com\/index.php?rest_route=\/wp\/v2\/pages\/83","targetHints":{"allow":["GET"]}}],"collection":[{"href":"https:\/\/philibert-ventriloque.com\/index.php?rest_route=\/wp\/v2\/pages"}],"about":[{"href":"https:\/\/philibert-ventriloque.com\/index.php?rest_route=\/wp\/v2\/types\/page"}],"author":[{"embeddable":true,"href":"https:\/\/philibert-ventriloque.com\/index.php?rest_route=\/wp\/v2\/users\/1"}],"replies":[{"embeddable":true,"href":"https:\/\/philibert-ventriloque.com\/index.php?rest_route=%2Fwp%2Fv2%2Fcomments&post=83"}],"version-history":[{"count":28,"href":"https:\/\/philibert-ventriloque.com\/index.php?rest_route=\/wp\/v2\/pages\/83\/revisions"}],"predecessor-version":[{"id":457,"href":"https:\/\/philibert-ventriloque.com\/index.php?rest_route=\/wp\/v2\/pages\/83\/revisions\/457"}],"wp:attachment":[{"href":"https:\/\/philibert-ventriloque.com\/index.php?rest_route=%2Fwp%2Fv2%2Fmedia&parent=83"}],"curies":[{"name":"wp","href":"https:\/\/api.w.org\/{rel}","templated":true}]}}

Références

<div class="wp-block-columns is-layout-flex wp-container-core-columns-is-layout-9d6595d7 wp-block-columns-is-layout-flex">
<div class="wp-block-column is-layout-flow wp-block-column-is-layout-flow"><div class="wp-block-image">
<figure class="aligncenter size-large is-resized"><img loading="lazy" decoding="async" width="1024" height="576" src="http://philibert-ventriloque.com/wp-content/uploads/2023/09/PhilibertPh1-1024x576.jpg" alt="" class="wp-image-162" style="width:326px;height:183px" srcset="https://philibert-ventriloque.com/wp-content/uploads/2023/09/PhilibertPh1-1024x576.jpg 1024w, https://philibert-ventriloque.com/wp-content/uploads/2023/09/PhilibertPh1-300x169.jpg 300w, https://philibert-ventriloque.com/wp-content/uploads/2023/09/PhilibertPh1-768x432.jpg 768w, https://philibert-ventriloque.com/wp-content/uploads/2023/09/PhilibertPh1-1536x864.jpg 1536w, https://philibert-ventriloque.com/wp-content/uploads/2023/09/PhilibertPh1-496x279.jpg 496w, https://philibert-ventriloque.com/wp-content/uploads/2023/09/PhilibertPh1.jpg 1920w" sizes="auto, (max-width: 1024px) 100vw, 1024px" /></figure>
</div></div>



<div class="wp-block-column is-layout-flow wp-block-column-is-layout-flow">
<p><strong>Les Cabarets:</strong>&nbsp;« le Distingo » « Le Chapeau Claque » « La vie d&#8217;artiste » à Lyon.&nbsp;<strong>Music-Hall</strong>&nbsp;le cap vert Dijon-Quetigny, Revue Odysséo et Délicéo Dijon. Croisières Internationales dans les mers du Nord, Baltique et Atlantique &nbsp;(Oslo, Stockholm, Copenhague, St Pétersbourg, Bergen, Reykjavik)…</p>



<p><strong>Plateaux Télé</strong>:&nbsp;France 2, France 3 régionale et nationale, TLM, TF1 (spéciale ventriloque avec Jean-Luc Reichmann)…</p>
</div>
</div>



<p><strong>Les Casinos:</strong>&nbsp;du Lyon vert (Lyon), de Santenay, d&#8217;Annemasse, d&#8217;Hauteville Lompnes, de St Galmier, d&#8217;Amnéville, de Royat, de Luxeuil-les-Bains, de Contrexéville, du Havre, de St Amant les eaux, d’Agon- Coutainville, de Pougues les eaux, Montreux Palace (Montreux, Suisse)…</p>



<p><strong>Les programmations Offices de Tourisme et stations</strong>&nbsp;d&#8217;été et de Sports d’Hiver : les Karellis (centre culturel) Val d&#8217;Isère (centre de congrès), Avoriaz (salle des festivals), Flaine (Auditorium), Rozière, Aime, Valmorel, les Gets, Aillon le jeune, Chatel (salle de la châtelaine), le Croisic (espace urbain), St Jean de Luz, Allevard les Bains, Notre Dame de Bellecombe, Embrun, Flumet, Serre Chevallier (centre culturel), Morzine (centre culturel et espace urbain), Peisey-Vallandry (73), Super Devoluye (05)…</p>



<div class="wp-block-columns is-layout-flex wp-container-core-columns-is-layout-9d6595d7 wp-block-columns-is-layout-flex">
<div class="wp-block-column is-layout-flow wp-block-column-is-layout-flow">
<p><strong>Les Festivals</strong> : les Mercredis de La fontaine à Belfort, Festival Jacques Brel (St Pierre de Chartreuse), festival pour enfant de Delle, les Petites formes artistiques de la Croix Rousse, Festival de Moreuil (Oise), M.J.C Fontainebleau, Monaco « Ville en Fête », « les Murs en Fête » Musée Urbain Tony Garnier (Lyon), festival du Cirque Chambéry, festival des Mômes (le Bois d’Oingt), festival du rire de Parthenay,  festivals de l&#8217;humour de St Gervais, festivals des arts de la rue &#8220;Parcs en fêtes&#8221; des Hauts de Seine,  festival de la magie de l&#8217;eau Dolle Oz en Oisans, festival des mômes (Charolles), festival Trottinette (Aigle &#8211; Suisse), Les Arroseurs Ceyzerieux, festivals de la magie de Varces, de Limonest, festival rencontre et spectacle Montceau les Mines, festival de L’humour Draguignan, festival &#8220;Planète Mômes&#8221; Sevrier (74), festival des Mômes de Sallanches (74), festival international jeune public Bimbadaboum (genève &#8211; suisse), festival &#8220;Chant du gros&#8221; (le noirmont &#8211; suisse), festival ventriloque (limbourg &#8211; Belgique), festival Off Avignon 2012 au théâtre des Corps- Saints, Du Vent dans les cornes (Charolles), festival théâtre sur un Plateau (Hauteville Lompnes 01), Un Automne sur les Planches (Aime &#8211; 73), FestimÔmes (Hardelot &#8211; 62), Festival de Colempce (Chadron 43), Festival MelodiFoliz &#8220;Ma voix et moi&#8221;(01), Festival Vitry Mômes<strong> </strong>(Vitry/Seine 94) la Fînte Festival (Saint Symphorien de lay 42), Festival lez&#8217;arts en fêtes (Aillons-le-Jeune 73) …</p>
</div>
</div>



<div class="wp-block-columns is-layout-flex wp-container-core-columns-is-layout-9d6595d7 wp-block-columns-is-layout-flex">
<div class="wp-block-column is-layout-flow wp-block-column-is-layout-flow">
<p><strong>Les programmations culturelles</strong>:&nbsp;Handicap International Programme France, Amboise, Fontaine (Grenoble), Soutier (Niort), Espace Culturel Tonkin Villeurbanne, les Jardins de la Gâtine, Ville de Belfort, le Théâtre des Augustins à Montluel, Kawa Théâtre Montpellier (34), Théâtre de Jeanne Nantes &nbsp;(44), Guinguette des gorges de l’Ain Serrières sur Ain (01), la boite à rire Perpignan (66), Clement&#8217;Zik &#8211; St Clément (89), MJC Bourg en Bresse Espace d&#8217;un été, &nbsp;&#8220;l&#8217;illusion fantastique » l&#8217;évènement artistique et culturel de le ville de Bourg-en-Bresse, Comédie de la passerelle Paris 20è, Théâtre du Bordeau (St Genis Pouilly 01), Comédie Odéon Lyon, Crapa&#8217;Hutte Montceau les mines, le Théâtre de La chevalerie (St Amour 39)…</p>
</div>



<div class="wp-block-column is-layout-flow wp-block-column-is-layout-flow"><div class="wp-block-image">
<figure class="aligncenter size-large is-resized"><img loading="lazy" decoding="async" width="1024" height="576" src="http://philibert-ventriloque.com/wp-content/uploads/2023/09/PhilibertPh2-1024x576.jpg" alt="" class="wp-image-167" style="width:314px;height:177px" srcset="https://philibert-ventriloque.com/wp-content/uploads/2023/09/PhilibertPh2-1024x576.jpg 1024w, https://philibert-ventriloque.com/wp-content/uploads/2023/09/PhilibertPh2-300x169.jpg 300w, https://philibert-ventriloque.com/wp-content/uploads/2023/09/PhilibertPh2-768x432.jpg 768w, https://philibert-ventriloque.com/wp-content/uploads/2023/09/PhilibertPh2-1536x864.jpg 1536w, https://philibert-ventriloque.com/wp-content/uploads/2023/09/PhilibertPh2-496x279.jpg 496w, https://philibert-ventriloque.com/wp-content/uploads/2023/09/PhilibertPh2.jpg 1920w" sizes="auto, (max-width: 1024px) 100vw, 1024px" /></figure>
</div></div>
</div>



<p>Il a été chargé de création pour la foire de Printemps de Bourg en Bresse et des Pays de l&#8217;Ain de 1995 à 2011 avec des créations de spectacles et déambulations, et pour les Carnavals de Bourg- en-Bresse édition 2004 à 2007. Post synchronisation. Créations de Visites guidées &#8220;ventriloquée&#8221; pour le Château d&#8217;Ancy le Franc. Il est aussi intervenant auprès d&#8217;établissements agréés par l&#8217;éducation nationale et jeunesse et sport et des formations AFDAS.&nbsp;</p>



<p><strong>Comédien</strong>&nbsp;pour le cinéma (rôle du juge français) dans &#8220;Roberto Succo&#8221;, film de Cédric Kahn sélection officielle festival de Cannes 2001.&nbsp;</p>



<div class="wp-block-group"><div class="wp-block-group__inner-container is-layout-constrained wp-block-group-is-layout-constrained">
<p>Passionné de transmission, il intervient également pour des&nbsp;<strong>formations ventriloquie</strong>&nbsp;à destination des&nbsp;artistes professionnels ou pour des<strong>&nbsp;initiations</strong>&nbsp;tout public et des <strong>ateliers Parents-Enfants</strong>. Philibert propose également une conférence sur la ventriloquie (son histoire, la technique et ses possibilités d&#8217;évolutions). </p>



<p><strong>Pour des infos sur </strong>LES FORMATIONS, LES ATELIERS D&#8217;INITIATION, LES CONFÉRENCES, <strong>nous contacter au +33(0)680471848 ou <a href="mailto:philibert.ventriloque@wanadoo.fr">philibert.ventriloque@wanadoo.fr</a></strong></p>
</div></div>



<div class="wp-block-columns is-layout-flex wp-container-core-columns-is-layout-9d6595d7 wp-block-columns-is-layout-flex">
<div class="wp-block-column is-layout-flow wp-block-column-is-layout-flow"><div class="wp-block-image">
<figure class="aligncenter size-full is-resized"><img loading="lazy" decoding="async" width="466" height="346" src="http://philibert-ventriloque.com/wp-content/uploads/2023/09/crbst_PhilReich189_1.jpg" alt="" class="wp-image-121" style="width:353px;height:262px" srcset="https://philibert-ventriloque.com/wp-content/uploads/2023/09/crbst_PhilReich189_1.jpg 466w, https://philibert-ventriloque.com/wp-content/uploads/2023/09/crbst_PhilReich189_1-300x223.jpg 300w, https://philibert-ventriloque.com/wp-content/uploads/2023/09/crbst_PhilReich189_1-404x300.jpg 404w" sizes="auto, (max-width: 466px) 100vw, 466px" /></figure>
</div></div>



<div class="wp-block-column is-layout-flow wp-block-column-is-layout-flow"><div class="wp-block-image">
<figure class="aligncenter size-full is-resized"><img loading="lazy" decoding="async" width="355" height="266" src="http://philibert-ventriloque.com/wp-content/uploads/2023/09/crbst_philreich64.jpg" alt="" class="wp-image-120" style="width:349px;height:262px" srcset="https://philibert-ventriloque.com/wp-content/uploads/2023/09/crbst_philreich64.jpg 355w, https://philibert-ventriloque.com/wp-content/uploads/2023/09/crbst_philreich64-300x225.jpg 300w" sizes="auto, (max-width: 355px) 100vw, 355px" /></figure>
</div></div>



<div class="wp-block-column is-layout-flow wp-block-column-is-layout-flow">
<figure class="wp-block-image size-full is-resized"><img loading="lazy" decoding="async" width="400" height="300" src="http://philibert-ventriloque.com/wp-content/uploads/2023/09/guertetjluc.jpg" alt="" class="wp-image-122" style="width:349px;height:262px" srcset="https://philibert-ventriloque.com/wp-content/uploads/2023/09/guertetjluc.jpg 400w, https://philibert-ventriloque.com/wp-content/uploads/2023/09/guertetjluc-300x225.jpg 300w" sizes="auto, (max-width: 400px) 100vw, 400px" /></figure>
</div>
</div>

<p>Les Cabarets:&nbsp;« le Distingo » « Le Chapeau Claque » « La vie d&#8217;artiste » à Lyon.&nbsp;Music-Hall&nbsp;le cap vert Dijon-Quetigny, Revue Odysséo et Délicéo Dijon. &hellip;</p>
